{"id":27,"date":"2025-07-28T07:59:56","date_gmt":"2025-07-28T05:59:56","guid":{"rendered":"https:\/\/www.sloneczko-przedszkole.com.pl\/kostrzyn\/?page_id=27"},"modified":"2026-01-28T16:15:49","modified_gmt":"2026-01-28T15:15:49","slug":"grupy","status":"publish","type":"page","link":"https:\/\/www.sloneczko-przedszkole.com.pl\/kostrzyn\/grupy\/","title":{"rendered":"Grupy"},"content":{"rendered":"\t\t<div data-elementor-type=\"wp-page\" data-elementor-id=\"27\" class=\"elementor elementor-27\" data-elementor-post-type=\"page\">\n\t\t\t\t<div class=\"elementor-element elementor-element-bf15869 e-flex e-con-boxed wpr-particle-no wpr-jarallax-no wpr-parallax-no wpr-sticky-section-no wpr-equal-height-no e-con e-parent\" data-id=\"bf15869\" data-element_type=\"container\" data-e-type=\"container\">\n\t\t\t\t\t<div class=\"e-con-inner\">\n\t\t\t\t<div class=\"elementor-element elementor-element-db04130 elementor-widget elementor-widget-text-editor\" data-id=\"db04130\" data-element_type=\"widget\" data-e-type=\"widget\" data-widget_type=\"text-editor.default\">\n\t\t\t\t\t\t\t\t\t<p>Nasze przedszkolaki ucz\u0105 si\u0119 i bawi\u0105 w czterech grupach wiekowych:<\/p><ul><li>3- latki &#8211; Cytrynki<\/li><li>4-latki &#8211; Elmerki<\/li><li>5-latki- Tygryski<\/li><li>6 latki &#8211; Skrzaty\u00a0<\/li><\/ul><p>Ka\u017cdego dnia zapewniamy dzieciom <strong>trzy smaczne, domowe posi\u0142ki<\/strong>, a <strong>koszt wy\u017cywienia pokrywa przedszkole<\/strong> \u2013 bo wiemy, \u017ce dobre jedzenie to podstawa zdrowego rozwoju.<\/p>\t\t\t\t\t\t\t\t<\/div>\n\t\t\t\t\t<\/div>\n\t\t\t\t<\/div>\n\t\t\t\t<\/div>\n\t\t","protected":false},"excerpt":{"rendered":"<p>Nasze przedszkolaki ucz\u0105 si\u0119 i bawi\u0105 w czterech grupach wiekowych: 3- latki &#8211; Cytrynki 4-latki &#8211; Elmerki 5-latki- Tygryski 6 latki &#8211; Skrzaty\u00a0 Ka\u017cdego dnia zapewniamy dzieciom trzy smaczne, domowe posi\u0142ki, a koszt wy\u017cywienia pokrywa przedszkole \u2013 bo wiemy, \u017ce dobre jedzenie to podstawa zdrowego rozwoju.<\/p>\n","protected":false},"author":1,"featured_media":0,"parent":0,"menu_order":0,"comment_status":"closed","ping_status":"closed","template":"","meta":{"ngg_post_thumbnail":0,"footnotes":""},"class_list":["post-27","page","type-page","status-publish","hentry"],"_links":{"self":[{"href":"https:\/\/www.sloneczko-przedszkole.com.pl\/kostrzyn\/wp-json\/wp\/v2\/pages\/27","targetHints":{"allow":["GET"]}}],"collection":[{"href":"https:\/\/www.sloneczko-przedszkole.com.pl\/kostrzyn\/wp-json\/wp\/v2\/pages"}],"about":[{"href":"https:\/\/www.sloneczko-przedszkole.com.pl\/kostrzyn\/wp-json\/wp\/v2\/types\/page"}],"author":[{"embeddable":true,"href":"https:\/\/www.sloneczko-przedszkole.com.pl\/kostrzyn\/wp-json\/wp\/v2\/users\/1"}],"replies":[{"embeddable":true,"href":"https:\/\/www.sloneczko-przedszkole.com.pl\/kostrzyn\/wp-json\/wp\/v2\/comments?post=27"}],"version-history":[{"count":10,"href":"https:\/\/www.sloneczko-przedszkole.com.pl\/kostrzyn\/wp-json\/wp\/v2\/pages\/27\/revisions"}],"predecessor-version":[{"id":170,"href":"https:\/\/www.sloneczko-przedszkole.com.pl\/kostrzyn\/wp-json\/wp\/v2\/pages\/27\/revisions\/170"}],"wp:attachment":[{"href":"https:\/\/www.sloneczko-przedszkole.com.pl\/kostrzyn\/wp-json\/wp\/v2\/media?parent=27"}],"curies":[{"name":"wp","href":"https:\/\/api.w.org\/{rel}","templated":true}]}}

<div data-elementor-type="wp-page" data-elementor-id="27" class="elementor elementor-27" data-elementor-post-type="page">
				<div class="elementor-element elementor-element-bf15869 e-flex e-con-boxed wpr-particle-no wpr-jarallax-no wpr-parallax-no wpr-sticky-section-no wpr-equal-height-no e-con e-parent" data-id="bf15869" data-element_type="container" data-e-type="container">
					<div class="e-con-inner">
				<div class="elementor-element elementor-element-db04130 elementor-widget elementor-widget-text-editor" data-id="db04130" data-element_type="widget" data-e-type="widget" data-widget_type="text-editor.default">
									<p>Nasze przedszkolaki uczą się i bawią w czterech grupach wiekowych:</p><ul><li>3- latki &#8211; Cytrynki</li><li>4-latki &#8211; Elmerki</li><li>5-latki- Tygryski</li><li>6 latki &#8211; Skrzaty </li></ul><p>Każdego dnia zapewniamy dzieciom <strong>trzy smaczne, domowe posiłki</strong>, a <strong>koszt wyżywienia pokrywa przedszkole</strong> – bo wiemy, że dobre jedzenie to podstawa zdrowego rozwoju.</p>								</div>
					</div>
				</div>
				</div>

<p>Nasze przedszkolaki uczą się i bawią w czterech grupach wiekowych: 3- latki &#8211; Cytrynki 4-latki &#8211; Elmerki 5-latki- Tygryski 6 latki &#8211; Skrzaty  Każdego dnia zapewniamy dzieciom trzy smaczne, domowe posiłki, a koszt wyżywienia pokrywa przedszkole – bo wiemy, że dobre jedzenie to podstawa zdrowego rozwoju.</p>
