{"id":31,"date":"2025-07-28T08:00:13","date_gmt":"2025-07-28T06:00:13","guid":{"rendered":"https:\/\/www.sloneczko-przedszkole.com.pl\/kostrzyn\/?page_id=31"},"modified":"2025-08-04T07:24:23","modified_gmt":"2025-08-04T05:24:23","slug":"ramowy-rozklad-dnia","status":"publish","type":"page","link":"https:\/\/www.sloneczko-przedszkole.com.pl\/kostrzyn\/ramowy-rozklad-dnia\/","title":{"rendered":"Podstawa programowa"},"content":{"rendered":"\t\t<div data-elementor-type=\"wp-page\" data-elementor-id=\"31\" class=\"elementor elementor-31\" data-elementor-post-type=\"page\">\n\t\t\t\t<div class=\"elementor-element elementor-element-ae45fca e-flex e-con-boxed wpr-particle-no wpr-jarallax-no wpr-parallax-no wpr-sticky-section-no wpr-equal-height-no e-con e-parent\" data-id=\"ae45fca\" data-element_type=\"container\" data-e-type=\"container\">\n\t\t\t\t\t<div class=\"e-con-inner\">\n\t\t<div class=\"elementor-element elementor-element-52684ef e-con-full e-flex wpr-particle-no wpr-jarallax-no wpr-parallax-no wpr-sticky-section-no wpr-equal-height-no e-con e-child\" data-id=\"52684ef\" data-element_type=\"container\" data-e-type=\"container\">\n\t\t\t\t<div class=\"elementor-element elementor-element-3e47365 elementor-widget elementor-widget-text-editor\" data-id=\"3e47365\" data-element_type=\"widget\" data-e-type=\"widget\" data-widget_type=\"text-editor.default\">\n\t\t\t\t\t\t\t\t\t<p>W \u201eS\u0142oneczku\u201d dbamy o wszechstronny rozw\u00f3j dzieci, oferuj\u0105c szereg zaj\u0119\u0107 wspieraj\u0105cych ich zdolno\u015bci i zainteresowania:<\/p><ul><li>j\u0119zyk angielski,<\/li><li>rytmik\u0119,<\/li><li>gimnastyk\u0119 korekcyjn\u0105,<\/li><li><strong>zaj\u0119cia sensoryczne<\/strong>,<\/li><li><strong>Trening Umiej\u0119tno\u015bci Spo\u0142ecznych (TUS)<\/strong>.<\/li><\/ul><p>Nasz\u0105 mocn\u0105 stron\u0105 jest wykwalifikowany zesp\u00f3\u0142 specjalist\u00f3w: <strong>logopeda, psycholog, pedagog specjalny<\/strong> oraz <strong>terapeuta pedagogiczny<\/strong> \u2013 dzi\u0119ki kt\u00f3rym ka\u017cde dziecko mo\u017ce liczy\u0107 na indywidualne wsparcie i troskliw\u0105 opiek\u0119.<\/p><p>Codziennie sp\u0119dzamy czas na \u015bwie\u017cym powietrzu \u2013 na spacerach, placu zabaw i w otoczeniu natury, bo ruch i aktywno\u015b\u0107 to wa\u017cny element naszego dnia.<\/p><p>Realizujemy podstaw\u0119 programow\u0105 wychowania przedszkolnego, korzystaj\u0105c z nowoczesnych narz\u0119dzi i metod pracy, kt\u00f3re anga\u017cuj\u0105 i inspiruj\u0105 dzieci do samodzielnego my\u015blenia i odkrywania \u015bwiata.<\/p><p><strong>\u201eS\u0142oneczko\u201d w Kostrzynie to przedszkole, kt\u00f3re ro\u015bnie razem z dzieckiem \u2013 serdecznie zapraszamy do naszej spo\u0142eczno\u015bci!<\/strong><\/p>\t\t\t\t\t\t\t\t<\/div>\n\t\t\t\t<\/div>\n\t\t<div class=\"elementor-element elementor-element-4652fc8 e-con-full e-flex wpr-particle-no wpr-jarallax-no wpr-parallax-no wpr-sticky-section-no wpr-equal-height-no e-con e-child\" data-id=\"4652fc8\" data-element_type=\"container\" data-e-type=\"container\">\n\t\t\t\t<\/div>\n\t\t\t\t\t<\/div>\n\t\t\t\t<\/div>\n\t\t\t\t<\/div>\n\t\t","protected":false},"excerpt":{"rendered":"<p>W \u201eS\u0142oneczku\u201d dbamy o wszechstronny rozw\u00f3j dzieci, oferuj\u0105c szereg zaj\u0119\u0107 wspieraj\u0105cych ich zdolno\u015bci i zainteresowania: j\u0119zyk angielski, rytmik\u0119, gimnastyk\u0119 korekcyjn\u0105, zaj\u0119cia sensoryczne, Trening Umiej\u0119tno\u015bci Spo\u0142ecznych (TUS). Nasz\u0105 mocn\u0105 stron\u0105 jest wykwalifikowany zesp\u00f3\u0142 specjalist\u00f3w: logopeda, psycholog, pedagog specjalny oraz terapeuta pedagogiczny \u2013 dzi\u0119ki kt\u00f3rym ka\u017cde dziecko mo\u017ce liczy\u0107 na indywidualne wsparcie<\/p>\n","protected":false},"author":1,"featured_media":0,"parent":0,"menu_order":0,"comment_status":"closed","ping_status":"closed","template":"","meta":{"ngg_post_thumbnail":0,"footnotes":""},"class_list":["post-31","page","type-page","status-publish","hentry"],"_links":{"self":[{"href":"https:\/\/www.sloneczko-przedszkole.com.pl\/kostrzyn\/wp-json\/wp\/v2\/pages\/31","targetHints":{"allow":["GET"]}}],"collection":[{"href":"https:\/\/www.sloneczko-przedszkole.com.pl\/kostrzyn\/wp-json\/wp\/v2\/pages"}],"about":[{"href":"https:\/\/www.sloneczko-przedszkole.com.pl\/kostrzyn\/wp-json\/wp\/v2\/types\/page"}],"author":[{"embeddable":true,"href":"https:\/\/www.sloneczko-przedszkole.com.pl\/kostrzyn\/wp-json\/wp\/v2\/users\/1"}],"replies":[{"embeddable":true,"href":"https:\/\/www.sloneczko-przedszkole.com.pl\/kostrzyn\/wp-json\/wp\/v2\/comments?post=31"}],"version-history":[{"count":11,"href":"https:\/\/www.sloneczko-przedszkole.com.pl\/kostrzyn\/wp-json\/wp\/v2\/pages\/31\/revisions"}],"predecessor-version":[{"id":113,"href":"https:\/\/www.sloneczko-przedszkole.com.pl\/kostrzyn\/wp-json\/wp\/v2\/pages\/31\/revisions\/113"}],"wp:attachment":[{"href":"https:\/\/www.sloneczko-przedszkole.com.pl\/kostrzyn\/wp-json\/wp\/v2\/media?parent=31"}],"curies":[{"name":"wp","href":"https:\/\/api.w.org\/{rel}","templated":true}]}}

<div data-elementor-type="wp-page" data-elementor-id="31" class="elementor elementor-31" data-elementor-post-type="page">
				<div class="elementor-element elementor-element-ae45fca e-flex e-con-boxed wpr-particle-no wpr-jarallax-no wpr-parallax-no wpr-sticky-section-no wpr-equal-height-no e-con e-parent" data-id="ae45fca" data-element_type="container" data-e-type="container">
					<div class="e-con-inner">
		<div class="elementor-element elementor-element-52684ef e-con-full e-flex wpr-particle-no wpr-jarallax-no wpr-parallax-no wpr-sticky-section-no wpr-equal-height-no e-con e-child" data-id="52684ef" data-element_type="container" data-e-type="container">
				<div class="elementor-element elementor-element-3e47365 elementor-widget elementor-widget-text-editor" data-id="3e47365" data-element_type="widget" data-e-type="widget" data-widget_type="text-editor.default">
									<p>W „Słoneczku” dbamy o wszechstronny rozwój dzieci, oferując szereg zajęć wspierających ich zdolności i zainteresowania:</p><ul><li>język angielski,</li><li>rytmikę,</li><li>gimnastykę korekcyjną,</li><li><strong>zajęcia sensoryczne</strong>,</li><li><strong>Trening Umiejętności Społecznych (TUS)</strong>.</li></ul><p>Naszą mocną stroną jest wykwalifikowany zespół specjalistów: <strong>logopeda, psycholog, pedagog specjalny</strong> oraz <strong>terapeuta pedagogiczny</strong> – dzięki którym każde dziecko może liczyć na indywidualne wsparcie i troskliwą opiekę.</p><p>Codziennie spędzamy czas na świeżym powietrzu – na spacerach, placu zabaw i w otoczeniu natury, bo ruch i aktywność to ważny element naszego dnia.</p><p>Realizujemy podstawę programową wychowania przedszkolnego, korzystając z nowoczesnych narzędzi i metod pracy, które angażują i inspirują dzieci do samodzielnego myślenia i odkrywania świata.</p><p><strong>„Słoneczko” w Kostrzynie to przedszkole, które rośnie razem z dzieckiem – serdecznie zapraszamy do naszej społeczności!</strong></p>								</div>
				</div>
		<div class="elementor-element elementor-element-4652fc8 e-con-full e-flex wpr-particle-no wpr-jarallax-no wpr-parallax-no wpr-sticky-section-no wpr-equal-height-no e-con e-child" data-id="4652fc8" data-element_type="container" data-e-type="container">
				</div>
					</div>
				</div>
				</div>

<p>W „Słoneczku” dbamy o wszechstronny rozwój dzieci, oferując szereg zajęć wspierających ich zdolności i zainteresowania: język angielski, rytmikę, gimnastykę korekcyjną, zajęcia sensoryczne, Trening Umiejętności Społecznych (TUS). Naszą mocną stroną jest wykwalifikowany zespół specjalistów: logopeda, psycholog, pedagog specjalny oraz terapeuta pedagogiczny – dzięki którym każde dziecko może liczyć na indywidualne wsparcie</p>
