{"id":36,"date":"2025-07-28T08:28:25","date_gmt":"2025-07-28T06:28:25","guid":{"rendered":"https:\/\/www.sloneczko-przedszkole.com.pl\/siekierki\/?page_id=36"},"modified":"2025-08-04T07:11:37","modified_gmt":"2025-08-04T05:11:37","slug":"ramowy-rozklad-dnia","status":"publish","type":"page","link":"https:\/\/www.sloneczko-przedszkole.com.pl\/siekierki\/ramowy-rozklad-dnia\/","title":{"rendered":"Podstawa programowa"},"content":{"rendered":"\t\t<div data-elementor-type=\"wp-page\" data-elementor-id=\"36\" class=\"elementor elementor-36\" data-elementor-post-type=\"page\">\n\t\t\t\t<div class=\"elementor-element elementor-element-0d13a1a e-flex e-con-boxed wpr-particle-no wpr-jarallax-no wpr-parallax-no wpr-sticky-section-no wpr-equal-height-no e-con e-parent\" data-id=\"0d13a1a\" data-element_type=\"container\" data-e-type=\"container\">\n\t\t\t\t\t<div class=\"e-con-inner\">\n\t\t\t\t<div class=\"elementor-element elementor-element-52fb094 elementor-widget elementor-widget-text-editor\" data-id=\"52fb094\" data-element_type=\"widget\" data-e-type=\"widget\" data-widget_type=\"text-editor.default\">\n\t\t\t\t\t\t\t\t\t<p>Nasza codzienno\u015b\u0107 to nie tylko realizacja podstawy programowej, ale r\u00f3wnie\u017c bogaty wachlarz zaj\u0119\u0107 dodatkowych:<\/p><ul><li>j\u0119zyk angielski,<\/li><li>rytmika,<\/li><li>gimnastyka korekcyjna,<\/li><li><strong>zaj\u0119cia sensoryczne<\/strong>,<\/li><li><strong>Trening Umiej\u0119tno\u015bci Spo\u0142ecznych (TUS)<\/strong>.<\/li><\/ul><p>Wspieramy rozw\u00f3j dzieci kompleksowo \u2013 w naszym zespole pracuj\u0105 wykwalifikowani specjali\u015bci: <strong>logopeda, psycholog, pedagog specjalny<\/strong> oraz <strong>terapeuta pedagogiczny<\/strong>. Dzi\u0119ki temu mo\u017cemy skutecznie wspiera\u0107 potrzeby rozwojowe i emocjonalne ka\u017cdego dziecka.<\/p><p>Codziennie korzystamy z urok\u00f3w \u015bwie\u017cego powietrza \u2013 bo ruch i kontakt z natur\u0105 to nieod\u0142\u0105czny element naszego przedszkolnego \u017cycia.<\/p><p>W \u201eS\u0142oneczku\u201d edukacja i wychowanie id\u0105 w parze z ciep\u0142em, zrozumieniem i szacunkiem do indywidualno\u015bci dziecka.<\/p><p>Zapraszamy do wsp\u00f3lnej przygody!<\/p>\t\t\t\t\t\t\t\t<\/div>\n\t\t\t\t\t<\/div>\n\t\t\t\t<\/div>\n\t\t\t\t<\/div>\n\t\t","protected":false},"excerpt":{"rendered":"<p>Nasza codzienno\u015b\u0107 to nie tylko realizacja podstawy programowej, ale r\u00f3wnie\u017c bogaty wachlarz zaj\u0119\u0107 dodatkowych: j\u0119zyk angielski, rytmika, gimnastyka korekcyjna, zaj\u0119cia sensoryczne, Trening Umiej\u0119tno\u015bci Spo\u0142ecznych (TUS). Wspieramy rozw\u00f3j dzieci kompleksowo \u2013 w naszym zespole pracuj\u0105 wykwalifikowani specjali\u015bci: logopeda, psycholog, pedagog specjalny oraz terapeuta pedagogiczny. Dzi\u0119ki temu mo\u017cemy skutecznie wspiera\u0107 potrzeby rozwojowe<\/p>\n","protected":false},"author":1,"featured_media":0,"parent":0,"menu_order":0,"comment_status":"closed","ping_status":"closed","template":"","meta":{"ngg_post_thumbnail":0,"footnotes":""},"class_list":["post-36","page","type-page","status-publish","hentry"],"_links":{"self":[{"href":"https:\/\/www.sloneczko-przedszkole.com.pl\/siekierki\/wp-json\/wp\/v2\/pages\/36","targetHints":{"allow":["GET"]}}],"collection":[{"href":"https:\/\/www.sloneczko-przedszkole.com.pl\/siekierki\/wp-json\/wp\/v2\/pages"}],"about":[{"href":"https:\/\/www.sloneczko-przedszkole.com.pl\/siekierki\/wp-json\/wp\/v2\/types\/page"}],"author":[{"embeddable":true,"href":"https:\/\/www.sloneczko-przedszkole.com.pl\/siekierki\/wp-json\/wp\/v2\/users\/1"}],"replies":[{"embeddable":true,"href":"https:\/\/www.sloneczko-przedszkole.com.pl\/siekierki\/wp-json\/wp\/v2\/comments?post=36"}],"version-history":[{"count":5,"href":"https:\/\/www.sloneczko-przedszkole.com.pl\/siekierki\/wp-json\/wp\/v2\/pages\/36\/revisions"}],"predecessor-version":[{"id":95,"href":"https:\/\/www.sloneczko-przedszkole.com.pl\/siekierki\/wp-json\/wp\/v2\/pages\/36\/revisions\/95"}],"wp:attachment":[{"href":"https:\/\/www.sloneczko-przedszkole.com.pl\/siekierki\/wp-json\/wp\/v2\/media?parent=36"}],"curies":[{"name":"wp","href":"https:\/\/api.w.org\/{rel}","templated":true}]}}